uppose 0 = 3*d + 2*d - b. What is the tens digit of d?
1
Let p(i) = -2*i**2 + i - 14. Let a be p(0). What is the units digit of (-345)/(-21) + (-8)/a?
7
Suppose 5*d - d = -4, 3*w + d - 47 = 0. Let p = w + -4. What is the units digit of p?
2
Let j(v) = v**3 + 8*v**2 + 8*v - 7. Let s be j(-7). Let i = s + 25. What is the tens digit of i?
1
Let s = -45 - -77. Suppose -4*m + 65 + 13 = 5*v, -m + 5*v = -s. What is the tens digit of m?
2
Let r = 20 + -9. Let u = r + -7. Suppose 2*n - 8 = u. What is the units digit of n?
6
Let s(u) = u**2 - 2*u + 3. Let p be s(3). What is the tens digit of 4/p*(0 - -75)?
5
What is the units digit of (-1 - -4 - -44) + 1?
8
Let a(f) = f**2 - 7*f + 3. Let n be a(8). Let m be 0 + 0 + -4 + n. What is the units digit of m - (1*6)/(-3)?
9
Let d(k) be the third derivative of -k**5/60 - k**4/3 + k**3/6 + k**2. What is the units digit of d(-8)?
1
Let m(s) = -s**2 - 2*s - 1. Let r be m(-1). Suppose -3*l + 6*l + f - 16 = r, 2*f - 4 = l. What is the units digit of l?
4
Let c(m) = 3*m + 1. Let b be c(-1). Let n = b + -1. Let z(r) = 2*r**2 + 3*r. What is the units digit of z(n)?
9
Suppose 3*w - h + 17 = 86, -79 = -4*w - 3*h. What is the tens digit of w?
2
Let d(v) = -v - 3 - v + 3*v + 1. Let c be d(0). What is the units digit of (c + 3)/(2/30)?
5
Let t = 91 + -42. What is the units digit of t?
9
What is the hundreds digit of ((-45)/(-6))/5 + (-878)/(-4)?
2
Let t = 136 - -87. What is the tens digit of t?
2
Let g = 25 + 164. What is the tens digit of g?
8
Let f(s) = s**2 - s - 4. Let d be f(-3). Suppose -6*h + 2*h = -d. Suppose -2*u + 3*j - 1 = 3, h*u + 2*j = 16. What is the units digit of u?
4
Let w = 13 + -1. What is the tens digit of w?
1
Suppose -200 = -3*o - o. What is the units digit of o?
0
Let y(u) = u**2 + 9*u + 7. Suppose k + 11 = 1. What is the tens digit of y(k)?
1
Let n(c) be the second derivative of -c**7/2520 - c**6/90 + c**5/120 - c**4/6 + 4*c. Let p(f) be the third derivative of n(f). What is the units digit of p(-6)?
3
Let p(t) = t. Let c be p(5). Suppose -6*s = 4*d - 7*s - 7, -3*d = -s - 4. Suppose -5*v - 34 = -3*x, v + c = -5*x - d*v. What is the units digit of x?
3
Suppose 3*f = -2*l + 232, 2*f + 3*l - 50 - 103 = 0. What is the tens digit of f?
7
Suppose 102 = 3*w + 5*b - 58, -2*b = -2*w + 96. What is the units digit of w?
0
Let b(i) = -1 + 4*i + 4 - 2*i. What is the tens digit of b(4)?
1
Let h(x) = -17*x**3 + x**2 + 3*x + 1. What is the tens digit of h(-2)?
3
Let r = 0 - 0. Suppose a + a - 2 = r. Let b = a + 5. What is the units digit of b?
6
Let p(k) = 2*k**3 + k**2 + 6*k + 10. Let a(j) = 3*j**3 + 6*j + 11. Let y(u) = -3*a(u) + 4*p(u). What is the units digit of y(5)?
2
Let b(v) = v**3 + 6*v**2 + 6*v - 1. Let o be b(-5). Let j = 18 + -11. Let c = j + o. What is the units digit of c?
1
Let s(n) = -16*n - 2. Let a be s(-2). Suppose 4*t = -3*i - a, 3*t - 4*t - 2*i - 5 = 0. What is the units digit of (-112)/(-18) - (-2)/t?
6
Let g(f) = f**2 - f - 2. Let m be g(3). Suppose 5*s + 0*d = -3*d + 28, m*d - 24 = -5*s. What is the units digit of s?
8
Suppose 5*i = 95 + 90. Let g = i + -24. What is the tens digit of g?
1
What is the units digit of (0 + -3)*(0 + -12)?
6
Let v be (-8 - 1)*(-3)/9. Suppose -v*x - 5 = -5*l, -3*l = 4*x - 0*x - 3. Let y = 0 + l. What is the units digit of y?
1
Suppose 2*l = l + 64. What is the tens digit of l?
6
Let x = 5 - -7. Suppose 0 = 3*n + a - 25, -x = -5*n + 5*a + 23. What is the units digit of n?
8
Let h be (-53 - -1)/((-3)/(-3)). What is the units digit of (0 - 3) + h/(-2)?
3
Let h be (-17)/(-2) - (-1)/(-2). Let s(n) = -6*n**2 - 7*n + 5. Let z(x) = -x**3 + x**2 + x + 1. Let i(r) = s(r) - z(r). What is the units digit of i(h)?
4
Let y(l) be the first derivative of l**3/3 + l**2/2 + 30*l - 2. What is the tens digit of y(0)?
3
Suppose 0 = 10*b + 245 - 835. What is the tens digit of b?
5
Let a be 0 + 2 + -3 + 1. Suppose 4*l + 0 - 16 = a. Suppose -o + 4 + l = 0. What is the units digit of o?
8
Suppose -8*c + 4*c + 408 = 0. What is the tens digit of c?
0
Suppose 5*j = 5*o + 985, 3*j + 13*o - 579 = 12*o. What is the units digit of j?
4
Let c = 0 - -4. Suppose 3 = -t + c*t. What is the units digit of t?
1
Suppose -4*z = -3*w - 9, -3*w = 4*z - 5*w - 10. Suppose 6*g - z*g = 102. What is the tens digit of g?
3
Let c be 3/(-12)*2*-6. Let k = 9 - c. What is the units digit of k?
6
Suppose 2*o + o - 39 = 0. What is the units digit of o?
3
Let s be 8/20 - 173/(-5). Let p be 168/s + 2/10. Let a = p - -8. What is the tens digit of a?
1
Let p(g) = -g**2 + g + 1. Let b(c) = -c**3 - 6*c**2 + 7*c. Let r(j) = b(j) - 2*p(j). Let a be r(-5). What is the units digit of a/(-3) + 28/12?
3
Let r(i) = i**3 + 9*i**2 + 8*i + 4. Let b be r(-8). Let k = b + 6. What is the units digit of k?
0
Let g(n) = 4*n**2 - 2*n + 1. Let y = 0 + 1. What is the units digit of g(y)?
3
What is the tens digit of 680/28 + (-4)/14?
2
Suppose -f - 5*z + 13 = 0, 4*z + 14 - 1 = f. Let q be (-2)/(-4)*(f + -1). What is the units digit of q/3 + (1 - 1)?
2
Let x = 9 + -2. Let w = 15 - x. What is the units digit of (-2)/w + 27/12?
2
Let o(q) = q**3 + 3*q**2 - 4*q + 11. What is the tens digit of o(5)?
9
Let w(h) = h**2 - 12. What is the units digit of w(7)?
7
Let m(d) = -7*d + 6. Let o be m(-12). What is the units digit of o/2*4/12?
5
Let v = -44 + 76. What is the tens digit of v?
3
What is the units digit of 19/1 + (7 - 7)?
9
Let l = -14 - -22. What is the units digit of 3 - (3 + l*-2)?
6
Let y(b) = 7*b**3 - 3*b**2 + 2*b - 2. What is the units digit of y(2)?
6
Suppose 3*w = 13 - 4. Let n(t) = t**3 - 2*t**2 + 2*t + 3. What is the units digit of n(w)?
8
What is the units digit of ((-440)/25)/((-6)/15)?
4
Suppose 2*z + 5*j - 11 = 0, 3*j - 2*j = -3. Let w = -9 + z. What is the units digit of (-6)/w*(-32)/6?
8
Suppose 4*z + z = 3*w + 32, 3*z - 4 = -2*w. Suppose -2 = -z*s + i, s + 1 = -2*s + 2*i. What is the units digit of s?
1
Suppose 0 = 5*t + 3*l + 1, t + 2*t = 3*l + 9. Let r be (5 - t)/2 - 12. What is the units digit of 0 - 0 - (1 + r)?
9
Let q(r) = -r**2 - r. Suppose -3*t - 5 = -2. Let i(j) = -8*j**2 - 4*j + 1. Let u(w) = t*i(w) + 5*q(w). What is the units digit of u(2)?
9
Let u be 5/10 - 6/(-4). Suppose 3 + 7 = u*x, 16 = 3*h + 2*x. What is the units digit of (1 + h*-1)*-1?
1
Suppose -2*u - 42 = -5*u. Let k = u - 12. What is the units digit of k?
2
Suppose -b - 5 = -i, 3*i - 2*i + 1 = -5*b. Let u = -21 - -37. Suppose -4*l = i*d - 16, -6*d - l + u = -d. What is the units digit of d?
3
What is the units digit of 2/19 - 153760/(-608)?
3
Let g = -5 - -8. Suppose -3*o - g = 0, 5*v - 2*o + 28 = -5*o. Let i(u) = -u + 1. What is the units digit of i(v)?
6
Let i be (0 - -2)/(6/9). Let b = 31 - i. Suppose -c = -3*c + b. What is the tens digit of c?
1
Let y(j) = 43*j + 3. Let f be y(4). Suppose f = 3*m + 2*m. What is the units digit of m?
5
Let v = 211 - 124. Let t = v + -47. What is the units digit of t?
0
Let d be (-231)/(-6) - (-4)/(-8). Let m = d - 23. What is the tens digit of m?
1
Let j = -5 + -4. Let t = j + 15. What is the units digit of t?
6
Suppose -2*u = -2*k + k - 465, 0 = 2*u + 4*k - 480. What is the tens digit of u/15 - 6/(-15)?
1
Suppose z - d - 105 = 0, 4*z + 4*d = 156 + 296. What is the hundreds digit of z?
1
Suppose -4*b + 2*x - 34 = 0, 2*x = -4*b + 6*x - 44. What is the tens digit of (b/4)/(6/(-40))?
1
Suppose -n = n + 2. Let l(s) = -11*s**3 + s**2 + 2*s + 1. Let a be l(n). Suppose 0 = 5*m - 9 - a. What is the units digit of m?
4
Suppose 2*w + w = 15. Let b(h) = -w + h - 2*h + 0. What is the units digit of b(-7)?
2
Suppose -3*s + 3 = 5*o, -2*o + 0*o + s = -10. Let h(m) = 2*m**2 + o*m - 2 - m**3 - m + 3*m**2. What is the units digit of h(5)?
8
Let v be 1*(0 - 3) - 1. What is the units digit of (-6)/v*(-64)/(-12)?
8
Suppose 13 = 4*y - 51. What is the tens digit of (-6)/(-4)*(y - 4)?
1
Let b be (-92)/(-16) - (-6)/(-8). Suppose z + 4*z = -b. What is the units digit of 1/z - -11 - -1?
1
Suppose 0 = 2*g - 17 - 5. What is the tens digit of g?
1
Suppose -3*r = -r. Suppose -5*m + 22 + 108 = r. What is the units digit of m?
6
Let m = -27 - -11. Let c = -11 - m. Suppose -37 - 43 = -c*n. What is the tens digit of n?
1
Let q(f) = -3*f**2 + f - 1. Let n(m) = m + 1. Let k(t) = -n(t) - q(t). What is the tens digit of k(-2)?
1
Suppose 5*c + 4*l = -8, 2*c